{"id":27411,"date":"2024-08-03T17:34:56","date_gmt":"2024-08-03T17:34:56","guid":{"rendered":"https:\/\/verticeperfumes.com.br\/?post_type=product&#038;p=27411"},"modified":"2025-08-31T17:40:12","modified_gmt":"2025-08-31T20:40:12","slug":"no121-inspiracao-olfativa-only-blue","status":"publish","type":"product","link":"https:\/\/verticeperfumes.com.br\/?product=no121-inspiracao-olfativa-only-blue","title":{"rendered":"VERTICE M-01 Inspira\u00e7\u00e3o Olfativa &#8211; BLEU DE CHANEL"},"content":{"rendered":"<p class=\"p1\">Descubra a sofistica\u00e7\u00e3o de <b>V\u00e9rtice M-01<\/b>, uma fragr\u00e2ncia intensa e moderna, inspirada em um cl\u00e1ssico da perfumaria mundial. Com notas frescas de toranja e menta, combinadas com a profundidade do cedro e o toque elegante de incenso, esse perfume foi criado para homens que buscam autenticidade e estilo.<\/p>\n<p class=\"p1\">Sinta a liberdade e o poder de uma fragr\u00e2ncia que transmite for\u00e7a e serenidade ao mesmo tempo. Ideal para todas as ocasi\u00f5es, <b>\u00a0V\u00e9rtice M-01<\/b>\u00a0se destaca pela sua versatilidade e presen\u00e7a marcante, revelando uma personalidade audaciosa e cheia de confian\u00e7a.<\/p>\n<p>Inspira\u00e7\u00e3o olfativa Bleu de Chanel<\/p>\n","protected":false},"excerpt":{"rendered":"<p>Perfume marcante e sofisticado que evoca liberdade e masculinidade.<\/p>\n","protected":false},"featured_media":27990,"comment_status":"open","ping_status":"closed","template":"","meta":[],"product_cat":[71],"product_tag":[],"class_list":{"0":"post-27411","1":"product","2":"type-product","3":"status-publish","4":"has-post-thumbnail","6":"product_cat-masculino","8":"first","9":"instock","10":"taxable","11":"shipping-taxable","12":"purchasable","13":"product-type-variable"},"_links":{"self":[{"href":"https:\/\/verticeperfumes.com.br\/index.php?rest_route=\/wp\/v2\/product\/27411","targetHints":{"allow":["GET"]}}],"collection":[{"href":"https:\/\/verticeperfumes.com.br\/index.php?rest_route=\/wp\/v2\/product"}],"about":[{"href":"https:\/\/verticeperfumes.com.br\/index.php?rest_route=\/wp\/v2\/types\/product"}],"replies":[{"embeddable":true,"href":"https:\/\/verticeperfumes.com.br\/index.php?rest_route=%2Fwp%2Fv2%2Fcomments&post=27411"}],"version-history":[{"count":6,"href":"https:\/\/verticeperfumes.com.br\/index.php?rest_route=\/wp\/v2\/product\/27411\/revisions"}],"predecessor-version":[{"id":28164,"href":"https:\/\/verticeperfumes.com.br\/index.php?rest_route=\/wp\/v2\/product\/27411\/revisions\/28164"}],"wp:featuredmedia":[{"embeddable":true,"href":"https:\/\/verticeperfumes.com.br\/index.php?rest_route=\/wp\/v2\/media\/27990"}],"wp:attachment":[{"href":"https:\/\/verticeperfumes.com.br\/index.php?rest_route=%2Fwp%2Fv2%2Fmedia&parent=27411"}],"wp:term":[{"taxonomy":"product_cat","embeddable":true,"href":"https:\/\/verticeperfumes.com.br\/index.php?rest_route=%2Fwp%2Fv2%2Fproduct_cat&post=27411"},{"taxonomy":"product_tag","embeddable":true,"href":"https:\/\/verticeperfumes.com.br\/index.php?rest_route=%2Fwp%2Fv2%2Fproduct_tag&post=27411"}],"curies":[{"name":"wp","href":"https:\/\/api.w.org\/{rel}","templated":true}]}}