{"id":27419,"date":"2024-08-03T18:10:18","date_gmt":"2024-08-03T18:10:18","guid":{"rendered":"https:\/\/verticeperfumes.com.br\/?post_type=product&#038;p=27419"},"modified":"2025-08-31T17:35:53","modified_gmt":"2025-08-31T20:35:53","slug":"no123-inspiracao-olfativa-winner","status":"publish","type":"product","link":"https:\/\/verticeperfumes.com.br\/?product=no123-inspiracao-olfativa-winner","title":{"rendered":"V\u00c9RTICE M-03 Inspira\u00e7\u00e3o Olfativa &#8211; INVICTUS"},"content":{"rendered":"<p class=\"p1\">Inspirado no poderoso <b>Invictus<\/b>, <b>V\u00e9rtice M-03<\/b> \u00e9 uma fragr\u00e2ncia vibrante e cheia de energia, perfeita para o homem que encara a vida como uma vit\u00f3ria. Com notas frescas de toranja e acordes marinhos, complementadas pela for\u00e7a do \u00e2mbar e do patchouli, esse perfume transmite uma sensa\u00e7\u00e3o de conquista e vitalidade.<\/p>\n<p class=\"p1\">Ideal para quem busca uma fragr\u00e2ncia marcante e esportiva, <b>V\u00e9rtice M-03<\/b> \u00e9 a escolha perfeita para homens que querem exalar confian\u00e7a e determina\u00e7\u00e3o em qualquer ocasi\u00e3o. Seja no dia a dia ou em momentos especiais, ele garante uma presen\u00e7a inesquec\u00edvel.<\/p>\n","protected":false},"excerpt":{"rendered":"<p>Fragr\u00e2ncia vibrante e heroica que simboliza o esp\u00edrito de um vencedor.<\/p>\n","protected":false},"featured_media":27955,"comment_status":"open","ping_status":"closed","template":"","meta":[],"product_cat":[71],"product_tag":[],"class_list":{"0":"post-27419","1":"product","2":"type-product","3":"status-publish","4":"has-post-thumbnail","6":"product_cat-masculino","8":"first","9":"instock","10":"taxable","11":"shipping-taxable","12":"purchasable","13":"product-type-variable"},"_links":{"self":[{"href":"https:\/\/verticeperfumes.com.br\/index.php?rest_route=\/wp\/v2\/product\/27419","targetHints":{"allow":["GET"]}}],"collection":[{"href":"https:\/\/verticeperfumes.com.br\/index.php?rest_route=\/wp\/v2\/product"}],"about":[{"href":"https:\/\/verticeperfumes.com.br\/index.php?rest_route=\/wp\/v2\/types\/product"}],"replies":[{"embeddable":true,"href":"https:\/\/verticeperfumes.com.br\/index.php?rest_route=%2Fwp%2Fv2%2Fcomments&post=27419"}],"version-history":[{"count":5,"href":"https:\/\/verticeperfumes.com.br\/index.php?rest_route=\/wp\/v2\/product\/27419\/revisions"}],"predecessor-version":[{"id":28105,"href":"https:\/\/verticeperfumes.com.br\/index.php?rest_route=\/wp\/v2\/product\/27419\/revisions\/28105"}],"wp:featuredmedia":[{"embeddable":true,"href":"https:\/\/verticeperfumes.com.br\/index.php?rest_route=\/wp\/v2\/media\/27955"}],"wp:attachment":[{"href":"https:\/\/verticeperfumes.com.br\/index.php?rest_route=%2Fwp%2Fv2%2Fmedia&parent=27419"}],"wp:term":[{"taxonomy":"product_cat","embeddable":true,"href":"https:\/\/verticeperfumes.com.br\/index.php?rest_route=%2Fwp%2Fv2%2Fproduct_cat&post=27419"},{"taxonomy":"product_tag","embeddable":true,"href":"https:\/\/verticeperfumes.com.br\/index.php?rest_route=%2Fwp%2Fv2%2Fproduct_tag&post=27419"}],"curies":[{"name":"wp","href":"https:\/\/api.w.org\/{rel}","templated":true}]}}