{"id":27427,"date":"2024-08-03T18:21:51","date_gmt":"2024-08-03T18:21:51","guid":{"rendered":"https:\/\/verticeperfumes.com.br\/?post_type=product&#038;p=27427"},"modified":"2025-08-31T17:29:42","modified_gmt":"2025-08-31T20:29:42","slug":"no125-inspiracao-olfativa-sauvage","status":"publish","type":"product","link":"https:\/\/verticeperfumes.com.br\/?product=no125-inspiracao-olfativa-sauvage","title":{"rendered":"V\u00c9RTICE M-05 Inspira\u00e7\u00e3o Olfativa &#8211; SAUVAGE"},"content":{"rendered":"<p class=\"p1\">Inspirado no ic\u00f4nico <b>Sauvage<\/b>, <b>V\u00e9rtice M-05<\/b> \u00e9 uma fragr\u00e2ncia selvagem e envolvente, perfeita para o homem que busca liberdade e autenticidade. Com notas frescas de bergamota e pimenta, harmonizadas com a profundidade do \u00e2mbar e do cedro, esse perfume evoca a natureza em sua forma mais pura e intensa.<\/p>\n<p class=\"p1\"><b>V\u00e9rtice M-05<\/b> \u00e9 ideal para homens de esp\u00edrito livre, que desejam uma fragr\u00e2ncia marcante e vers\u00e1til para qualquer ocasi\u00e3o. Exalando for\u00e7a e masculinidade, ele garante uma presen\u00e7a inesquec\u00edvel, sendo a escolha perfeita para quem n\u00e3o se conforma com o comum.<\/p>\n","protected":false},"excerpt":{"rendered":"<p>Inspirado por vastos espa\u00e7os abertos, com notas de bergamota e ambroxan.<\/p>\n","protected":false},"featured_media":27963,"comment_status":"open","ping_status":"closed","template":"","meta":[],"product_cat":[71],"product_tag":[],"class_list":{"0":"post-27427","1":"product","2":"type-product","3":"status-publish","4":"has-post-thumbnail","6":"product_cat-masculino","8":"first","9":"instock","10":"taxable","11":"shipping-taxable","12":"purchasable","13":"product-type-variable"},"_links":{"self":[{"href":"https:\/\/verticeperfumes.com.br\/index.php?rest_route=\/wp\/v2\/product\/27427","targetHints":{"allow":["GET"]}}],"collection":[{"href":"https:\/\/verticeperfumes.com.br\/index.php?rest_route=\/wp\/v2\/product"}],"about":[{"href":"https:\/\/verticeperfumes.com.br\/index.php?rest_route=\/wp\/v2\/types\/product"}],"replies":[{"embeddable":true,"href":"https:\/\/verticeperfumes.com.br\/index.php?rest_route=%2Fwp%2Fv2%2Fcomments&post=27427"}],"version-history":[{"count":4,"href":"https:\/\/verticeperfumes.com.br\/index.php?rest_route=\/wp\/v2\/product\/27427\/revisions"}],"predecessor-version":[{"id":28110,"href":"https:\/\/verticeperfumes.com.br\/index.php?rest_route=\/wp\/v2\/product\/27427\/revisions\/28110"}],"wp:featuredmedia":[{"embeddable":true,"href":"https:\/\/verticeperfumes.com.br\/index.php?rest_route=\/wp\/v2\/media\/27963"}],"wp:attachment":[{"href":"https:\/\/verticeperfumes.com.br\/index.php?rest_route=%2Fwp%2Fv2%2Fmedia&parent=27427"}],"wp:term":[{"taxonomy":"product_cat","embeddable":true,"href":"https:\/\/verticeperfumes.com.br\/index.php?rest_route=%2Fwp%2Fv2%2Fproduct_cat&post=27427"},{"taxonomy":"product_tag","embeddable":true,"href":"https:\/\/verticeperfumes.com.br\/index.php?rest_route=%2Fwp%2Fv2%2Fproduct_tag&post=27427"}],"curies":[{"name":"wp","href":"https:\/\/api.w.org\/{rel}","templated":true}]}}