{"id":27440,"date":"2024-08-03T18:45:51","date_gmt":"2024-08-03T18:45:51","guid":{"rendered":"https:\/\/verticeperfumes.com.br\/?post_type=product&#038;p=27440"},"modified":"2025-08-31T17:22:06","modified_gmt":"2025-08-31T20:22:06","slug":"no128-inspiracao-olfativa-acqua-g-m-fine","status":"publish","type":"product","link":"https:\/\/verticeperfumes.com.br\/?product=no128-inspiracao-olfativa-acqua-g-m-fine","title":{"rendered":"V\u00c9RTICE M-08 Inspira\u00e7\u00e3o Olfativa &#8211; ACQUA DI GIO"},"content":{"rendered":"<p class=\"p1\">Inspirado no cl\u00e1ssico <b>Acqua di Gio<\/b>, <b>V\u00e9rtice M-08<\/b> \u00e9 uma fragr\u00e2ncia fresca e aqu\u00e1tica, perfeita para o homem que valoriza a eleg\u00e2ncia e a simplicidade. Com notas c\u00edtricas de lim\u00e3o e bergamota, combinadas com a suavidade do jasmim e o frescor do mar, essa cria\u00e7\u00e3o evoca a leveza e a liberdade da natureza.<\/p>\n<p class=\"p1\">Ideal para o dia a dia e momentos descontra\u00eddos, <b>V\u00e9rtice M-08<\/b> exala frescor e vitalidade, tornando-se a escolha perfeita para o homem que busca um perfume refrescante e revigorante. Sua versatilidade e sofistica\u00e7\u00e3o garantem que voc\u00ea se destaque em qualquer ocasi\u00e3o.<\/p>\n","protected":false},"excerpt":{"rendered":"<p>Inspirado pelo frescor do oceano e pela natureza, capturando a ess\u00eancia do Mediterr\u00e2neo.<\/p>\n","protected":false},"featured_media":27948,"comment_status":"open","ping_status":"closed","template":"","meta":[],"product_cat":[71],"product_tag":[],"class_list":{"0":"post-27440","1":"product","2":"type-product","3":"status-publish","4":"has-post-thumbnail","6":"product_cat-masculino","8":"first","9":"instock","10":"taxable","11":"shipping-taxable","12":"purchasable","13":"product-type-variable"},"_links":{"self":[{"href":"https:\/\/verticeperfumes.com.br\/index.php?rest_route=\/wp\/v2\/product\/27440","targetHints":{"allow":["GET"]}}],"collection":[{"href":"https:\/\/verticeperfumes.com.br\/index.php?rest_route=\/wp\/v2\/product"}],"about":[{"href":"https:\/\/verticeperfumes.com.br\/index.php?rest_route=\/wp\/v2\/types\/product"}],"replies":[{"embeddable":true,"href":"https:\/\/verticeperfumes.com.br\/index.php?rest_route=%2Fwp%2Fv2%2Fcomments&post=27440"}],"version-history":[{"count":6,"href":"https:\/\/verticeperfumes.com.br\/index.php?rest_route=\/wp\/v2\/product\/27440\/revisions"}],"predecessor-version":[{"id":28114,"href":"https:\/\/verticeperfumes.com.br\/index.php?rest_route=\/wp\/v2\/product\/27440\/revisions\/28114"}],"wp:featuredmedia":[{"embeddable":true,"href":"https:\/\/verticeperfumes.com.br\/index.php?rest_route=\/wp\/v2\/media\/27948"}],"wp:attachment":[{"href":"https:\/\/verticeperfumes.com.br\/index.php?rest_route=%2Fwp%2Fv2%2Fmedia&parent=27440"}],"wp:term":[{"taxonomy":"product_cat","embeddable":true,"href":"https:\/\/verticeperfumes.com.br\/index.php?rest_route=%2Fwp%2Fv2%2Fproduct_cat&post=27440"},{"taxonomy":"product_tag","embeddable":true,"href":"https:\/\/verticeperfumes.com.br\/index.php?rest_route=%2Fwp%2Fv2%2Fproduct_tag&post=27440"}],"curies":[{"name":"wp","href":"https:\/\/api.w.org\/{rel}","templated":true}]}}